he prime factors of 121038279.
3, 40346093
List the prime factors of 13150143.
3, 1461127
List the prime factors of 8709054.
2, 3, 1451509
List the prime factors of 59924467.
59924467
What are the prime factors of 105126640?
2, 5, 17, 4547
List the prime factors of 126667477.
126667477
List the prime factors of 21125014.
2, 10562507
What are the prime factors of 42241429?
29, 283, 5147
What are the prime factors of 3457775228?
2, 751, 1151057
What are the prime factors of 1724611120?
2, 5, 21557639
What are the prime factors of 115335231?
3, 11, 97, 137, 263
List the prime factors of 808242526.
2, 7, 13, 17, 261229
What are the prime factors of 132074687?
7577, 17431
List the prime factors of 34224409.
353, 96953
List the prime factors of 37261275.
3, 5, 496817
What are the prime factors of 42507589?
277, 153457
What are the prime factors of 605219682?
2, 3, 227, 431, 1031
List the prime factors of 354738183.
3, 118246061
What are the prime factors of 593761768?
2, 74220221
List the prime factors of 37689924.
2, 3, 31, 71, 1427
List the prime factors of 1751521929.
3, 15791, 36973
List the prime factors of 829050371.
829050371
What are the prime factors of 525697673?
525697673
What are the prime factors of 207270376?
2, 47, 97, 5683
List the prime factors of 4557896010.
2, 3, 5, 17, 2979017
List the prime factors of 45205352.
2, 47, 109, 1103
List the prime factors of 114076914.
2, 3, 7, 2716117
What are the prime factors of 204937719?
3, 7, 47, 89, 2333
List the prime factors of 6887219382.
2, 3, 382623299
List the prime factors of 902567729.
7, 1193, 108079
What are the prime factors of 486987186?
2, 3, 7, 227, 7297
List the prime factors of 906956028.
2, 3, 11, 397, 641
List the prime factors of 22756587.
3, 7, 181, 5987
List the prime factors of 41573654.
2, 1511, 13757
What are the prime factors of 4246191145?
5, 7, 79, 769, 1997
List the prime factors of 31784995.
5, 11, 577909
What are the prime factors of 768961502?
2, 19, 20235829
What are the prime factors of 114902307?
3, 13, 36373
List the prime factors of 2524895658.
2, 3, 17, 2750431
What are the prime factors of 2152009?
2152009
List the prime factors of 131180079.
3, 29, 103, 14639
What are the prime factors of 11283454?
2, 7, 13, 19, 251
What are the prime factors of 308921496?
2, 3, 13, 877, 1129
List the prime factors of 1735365236.
2, 11, 17, 136471
What are the prime factors of 2776670284?
2, 15797, 43943
What are the prime factors of 1493831691?
3, 11, 47, 321047
What are the prime factors of 5359445609?
7, 109376441
List the prime factors of 249800926.
2, 59, 2116957
What are the prime factors of 1007276848?
2, 41, 109, 14087
List the prime factors of 220949786.
2, 67, 1648879
List the prime factors of 241278328.
2, 5281, 5711
List the prime factors of 3373926924.
2, 3, 281160577
List the prime factors of 533882368.
2, 19, 54881
What are the prime factors of 21650338?
2, 31, 349199
What are the prime factors of 29320818?
2, 3, 17, 263, 1093
What are the prime factors of 79774194?
2, 3, 379, 35081
What are the prime factors of 989827371?
3, 13, 41, 101, 227
What are the prime factors of 45811694?
2, 127, 180361
List the prime factors of 368451053.
23, 139, 115249
List the prime factors of 111034275.
3, 5, 11, 134587
List the prime factors of 4080612267.
3, 137, 3309499
What are the prime factors of 31112167?
47, 661961
List the prime factors of 84628348.
2, 7, 3022441
What are the prime factors of 469999408?
2, 17, 1727939
What are the prime factors of 56893471?
283, 201037
List the prime factors of 2860702716.
2, 3, 238391893
List the prime factors of 249203573.
97, 2569109
List the prime factors of 4809920454.
2, 3, 29, 313, 3271
List the prime factors of 2319475191.
3, 11, 89, 167, 4729
List the prime factors of 1040110678.
2, 520055339
What are the prime factors of 67774009?
3571, 18979
List the prime factors of 20967917.
20967917
List the prime factors of 1397132333.
29, 3833, 12569
What are the prime factors of 756345760?
2, 5, 1063, 4447
What are the prime factors of 3973813922?
2, 13, 521, 293357
What are the prime factors of 2372565906?
2, 3, 239, 551503
What are the prime factors of 1859553288?
2, 3, 929, 3089
List the prime factors of 60839992.
2, 7604999
List the prime factors of 55286031.
3, 283, 65119
What are the prime factors of 3380927824?
2, 211307989
What are the prime factors of 219490913?
10133, 21661
List the prime factors of 5250947334.
2, 3, 23, 53, 127, 5653
List the prime factors of 688560207.
3, 229520069
What are the prime factors of 4687330192?
2, 292958137
List the prime factors of 1346158127.
1289, 1044343
What are the prime factors of 121404784?
2, 7587799
What are the prime factors of 50578990?
2, 5, 7, 11, 65687
List the prime factors of 612068256.
2, 3, 2125237
List the prime factors of 2391899065.
5, 17, 727, 38707
List the prime factors of 112742840.
2, 5, 7, 263, 1531
What are the prime factors of 39980154?
2, 3, 29, 229771
What are the prime factors of 294738864?
2, 3, 7, 877199
What are the prime factors of 14010293?
11, 1273663
List the prime factors of 202444001.
461, 439141
What are the prime factors of 18502621?
419, 44159
List the prime factors of 40642430.
2, 5, 4064243
List the prime factors of 222229290.
2, 3, 5, 71, 101, 1033
What are the prime factors of 80630248?
2, 10078781
List the prime factors of 492428049.
3, 164142683
List the prime factors of 11807022.
2, 3, 53, 107, 347
List the prime factors of 2265523668.
2, 3, 151, 46307
List the prime factors of 554401972.
2, 2377, 58309
What are the prime factors of 11049336?
2, 3, 19, 41, 197
List the prime factors of 255232321.
3083, 82787
List the prime factors of 73330698.
2, 3, 7, 1745969
List the prime factors of 426487416.
2, 3, 43, 413263
List the prime factors of 63376931.
63376931
What are the prime factors of 33723099?
3, 607, 6173
What are the prime factors of 36183908?
2, 9045977
List the prime factors of 158346743.
23, 6884641
What are the prime factors of 609107347?
503, 1210949
List the prime factors of 1477610634.
2, 3, 43, 211, 27143
List the prime factors of 97604726.
2, 163, 299401
What are the prime factors of 48578551?
7, 67, 14797
List the prime factors of 19927039.
11, 23, 79, 997
List the prime factors of 57246808.
2, 7155851
What are the prime factors of 3000705840?
2, 3, 5, 11, 223, 1699
What are the prime factors of 3695301?
3, 37, 137
What are the prime factors of 326762131?
1249, 261619
What are the prime factors of 329320648?
2, 89, 462529
What are the prime factors of 475918919?
7, 1063, 9137
List the prime factors of 134621044.
2, 89, 378149
What are the prime factors of 720625308?
2, 3, 13, 17, 271729
What are the prime factors of 1400772131?
11, 19, 101, 66359
List the prime factors of 365692009.
365692009
What are the prime factors of 3187521584?
2, 13, 37, 414179
What are the prime factors of 152213440?
2, 5, 409, 1163
What are the prime factors of 127104180?
2, 3, 5, 7, 302629
List the prime factors of 529521727.
7, 75645961
List the prime factors of 2184829380.
2, 3, 5, 19, 638839
What are the prime factors of 1954501282?
2, 521, 601, 3121
What are the prime factors of 846445854?
2, 3, 141074309
What are the prime factors of 1478195?
5, 229, 1291
What are the prime factors of 24594910?
2, 5, 2459491
What are the prime factors of 288352701?
3, 7, 13, 53, 73
What are the prime factors of 3675999480?
2, 3, 5, 43, 557, 1279
List the prime factors of 110718149.
19, 709, 8219
List the prime factors of 80043028.
2, 13, 277, 5557
What are the prime factors of 62942506?
2, 11, 199, 1307
What are the prime factors of 19838902?
2, 131, 75721
List the prime factors of 326718864.
2, 3, 23, 4289
List the prime factors of 578439055.
5, 115687811
What are the prime factors of 244150445?
5, 7, 11, 634157
What are the prime factors of 17810375?
5, 11, 12953
List the prime factors of 924216902.
2, 7, 149, 443057
List the prime factors of 458014012.
2, 563, 203381
What are the prime factors of 134983711?
23, 191, 30727
List the prime factors of 3932664306.
2, 3, 29, 3851, 5869
List the prime factors of 92671240.
2, 5, 29, 79889
What are the prime factors of 119310984?
2, 3, 13, 41, 3109
What are the prime factors of 1792247666?
2, 11, 81465803
List the